{"id":4063,"date":"2023-09-21T22:17:55","date_gmt":"2023-09-21T20:17:55","guid":{"rendered":"https:\/\/cosiam.net\/?page_id=4063"},"modified":"2023-09-26T17:52:13","modified_gmt":"2023-09-26T15:52:13","slug":"estatutos","status":"publish","type":"page","link":"https:\/\/cosiam.net\/index.php\/acerca-de-cosiam\/estatutos\/","title":{"rendered":"Estatutos"},"content":{"rendered":"\t\t<div data-elementor-type=\"wp-page\" data-elementor-id=\"4063\" class=\"elementor elementor-4063\">\n\t\t\t\t\t\t<section class=\"elementor-section elementor-top-section elementor-element elementor-element-912a6b6 elementor-section-boxed elementor-section-height-default elementor-section-height-default\" data-id=\"912a6b6\" data-element_type=\"section\" data-e-type=\"section\" data-settings=\"{&quot;background_background&quot;:&quot;classic&quot;}\">\n\t\t\t\t\t\t\t<div class=\"elementor-background-overlay\"><\/div>\n\t\t\t\t\t\t\t<div class=\"elementor-container elementor-column-gap-no\">\n\t\t\t\t\t<div class=\"elementor-column elementor-col-100 elementor-top-column elementor-element elementor-element-4599298\" data-id=\"4599298\" data-element_type=\"column\" data-e-type=\"column\">\n\t\t\t<div class=\"elementor-widget-wrap elementor-element-populated\">\n\t\t\t\t\t\t<div class=\"elementor-element elementor-element-90cffc7 animated-slow elementor-widget__width-initial elementor-invisible elementor-widget elementor-widget-heading\" data-id=\"90cffc7\" data-element_type=\"widget\" data-e-type=\"widget\" data-settings=\"{&quot;_animation&quot;:&quot;ova-move-left&quot;,&quot;_animation_tablet&quot;:&quot;none&quot;,&quot;_animation_delay&quot;:100}\" data-widget_type=\"heading.default\">\n\t\t\t\t<div class=\"elementor-widget-container\">\n\t\t\t\t\t<h2 class=\"elementor-heading-title elementor-size-default\">Estatutos<\/h2>\t\t\t\t<\/div>\n\t\t\t\t<\/div>\n\t\t\t\t\t<\/div>\n\t\t<\/div>\n\t\t\t\t\t<\/div>\n\t\t<\/section>\n\t\t<div class=\"elementor-element elementor-element-2cc0f6d9 e-flex e-con-boxed e-con e-parent\" data-id=\"2cc0f6d9\" data-element_type=\"container\" data-e-type=\"container\">\n\t\t\t\t\t<div class=\"e-con-inner\">\n\t\t\t\t<div class=\"elementor-element elementor-element-6e516c98 elementor-widget elementor-widget-podover_elementor_heading\" data-id=\"6e516c98\" data-element_type=\"widget\" data-e-type=\"widget\" data-widget_type=\"podover_elementor_heading.default\">\n\t\t\t\t<div class=\"elementor-widget-container\">\n\t\t\t\t\t\t\t<div class=\"ova-title\">\n\n\t\t\t\n\t\t\t\t\t\t\t\t\t\t\t\t\t<h2 class=\"title\">\n\t\t\t\t\t\t\tReglamento de la secci\u00f3n colombiana de SIAM\t\t\t\t\t\t<\/h2>\n\n\t\t\t\t\t\t\t\n\t\t\t\n\t\t<\/div> \n\t\t\t\t\t\t<\/div>\n\t\t\t\t<\/div>\n\t\t\t\t<div class=\"elementor-element elementor-element-d487f2b elementor-widget elementor-widget-text-editor\" data-id=\"d487f2b\" data-element_type=\"widget\" data-e-type=\"widget\" data-widget_type=\"text-editor.default\">\n\t\t\t\t<div class=\"elementor-widget-container\">\n\t\t\t\t\t\t\t\t\t<p>Esta secci\u00f3n de reglas de procedimiento (enadelante denominadas \u00abReglas\u00bb) se aplica a la secci\u00f3n de la SIAM denominada secci\u00f3n colombiana de la SIAM (COSIAM).<\/p><p>La secci\u00f3n a la que se aplican las presentes normas se forma bajo la supervisi\u00f3n de la SIAM, y deber\u00e1 operar dentro de sus estatutos. La presente secci\u00f3n no podr\u00e1 afiliarse con ninguna otra organizaci\u00f3n sin obtener previamente la autorizaci\u00f3n, por escrito, de la Junta de la SIAM o su delegado. Ninguna disposici\u00f3n de las presentes Reglas se interpretar\u00e1 de modo que contradiga los estatutos de la SIAM.<\/p><p>Estas Reglas podr\u00e1n ser modificadas por la Junta de la SIAM con la debida comunicaci\u00f3n previa a la Secci\u00f3n.<\/p><p><span style=\"color: var(--heading); font-family: var(--secondary-font); font-size: 1.7411em; font-weight: bold; text-align: var(--text-align); letter-spacing: var(--letter-spacing);\">Art\u00edculo I: Objeto<\/span><\/p><p>Promover la aplicaci\u00f3n de las matem\u00e1ticas en laindustria y la ciencia en Colombia.<\/p><p>Promover la investigaci\u00f3n b\u00e1sica en matem\u00e1ticasque conduzca a nuevos m\u00e9todos y t\u00e9cnicas \u00fatiles para la industria y la ciencia en Colombia.<\/p><p>Proporcionar los medios de comunicaci\u00f3n para el intercambio de informaci\u00f3n e ideas entre los matem\u00e1ticos y otros profesionales t\u00e9cnicos y cient\u00edficos en Colombia.<\/p><p><span style=\"color: var(--heading); font-family: var(--secondary-font); font-size: 1.7411em; font-weight: bold; text-align: var(--text-align); letter-spacing: var(--letter-spacing);\">Art\u00edculo II: Actividades<\/span><\/p><p>Las actividades que la Secci\u00f3n organizar\u00e1 de forma regular son las siguientes:<\/p><p>Organizaci\u00f3n de reuniones locales y regionales, y sesiones especiales con el fin de mejorar la ense\u00f1anza de las matem\u00e1ticas y de la aplicaci\u00f3n de lasmatem\u00e1ticas a los problemas de la industria y laciencia.<\/p><p>Organizaci\u00f3n de una reuni\u00f3n anual que incluye actividades acad\u00e9micas, tales como sesiones de posters y reuniones espec\u00edficas con representantes de la industria. Los temas ser\u00e1n los que tambi\u00e9n son promovidos por la organizaci\u00f3n de la SIAM y sus grupos de actividad. Los organizadores de la reuni\u00f3n propender\u00e1n por involucrar a participantes de matem\u00e1tica aplicada, f\u00edsica, biolog\u00eda, ciencias sociales, ciencias de la vida, y todas las ramas de la ingenier\u00eda. Muchas de estas actividades incluir\u00e1n la participaci\u00f3n de los estudiantes y de los cap\u00edtulos estudiantiles de la SIAM.<\/p><p><span style=\"color: var(--heading); font-family: var(--secondary-font); font-size: 1.7411em; font-weight: bold; text-align: var(--text-align); letter-spacing: var(--letter-spacing);\">Art\u00edculo III: Territorio<\/span><\/p><p>La secci\u00f3n colombiana (COSIAM) dar\u00e1 cobertura a toda la naci\u00f3n de Colombia y todas las instituciones pertinentes dentro de sus l\u00edmites geogr\u00e1ficos.<\/p><p><span style=\"color: var(--heading); font-family: var(--secondary-font); font-size: 1.7411em; font-weight: bold; text-align: var(--text-align); letter-spacing: var(--letter-spacing);\">Art\u00edculo IV: Membres\u00eda<\/span><\/p><p><strong>Secci\u00f3n 1.<\/strong> Cualquier persona que est\u00e9 interesada en las matem\u00e1ticas y sus aplicaciones, y que sea residente de la zona geogr\u00e1fica asignada a la Secci\u00f3n ser\u00e1 autom\u00e1ticamente miembro de la Secci\u00f3n (previa comunicaci\u00f3n de intenci\u00f3n, por escrito o email, a alguno de los directivos).<\/p><p><strong>Secci\u00f3n 2.<\/strong> S\u00f3lo hay un tipo de pertenencia a la Secci\u00f3n (miembro regular).<\/p><p><strong>Secci\u00f3n 3.<\/strong> Todos los miembros de SIAM con derecho a voto y que vivan en la regi\u00f3n de cobertura de la secci\u00f3n colombiana son elegibles para votar en la elecci\u00f3n de los directivos de la Secci\u00f3n. Sin embargo, para ejercer dicho derecho deben estar al corriente de pago respecto al Art\u00edculo XI, Secci\u00f3n 1.<\/p><p><span style=\"color: var(--heading); font-family: var(--secondary-font); font-size: 1.7411em; font-weight: bold; letter-spacing: var(--letter-spacing); text-align: var(--text-align);\">Art\u00edculo V: Directivos<\/span><\/p><p><strong>Secci\u00f3n 1.<\/strong> La Secci\u00f3n tendr\u00e1 un presidente, vicepresidente, secretario y tesorero (directivos). La Secci\u00f3n tambi\u00e9n tendr\u00e1 cinco consejeros. Los directivos y consejeros deber\u00e1n ser miembros de la SIAM y estar al corriente de sus obligaciones respecto al Art\u00edculo XI, Secci\u00f3n 1.<\/p><p><strong>Secci\u00f3n 2.<\/strong> El presidente de la Secci\u00f3n presidir\u00e1 las reuniones de la Secci\u00f3n y las del comit\u00e9 ejecutivo de la Secci\u00f3n. En ausencia del presidente, el vicepresidente asumir\u00e1 las funciones del presidente. En ausencia del presidente y vicepresidente, el secretario deber\u00e1 asumir dichas funciones.<\/p><p><strong>Secci\u00f3n 3.<\/strong> El secretario deber\u00e1 mantener un registro de los asuntos de la Secci\u00f3n, manejar correspondencia, y presentar un informe anual de actividades de la Secci\u00f3n a la secretar\u00eda de la SIAM. Dicho informe deber\u00e1 ser adecuado para proporcionar una base para un art\u00edculo en SIAM News o su equivalente.<\/p><p><strong>Secci\u00f3n 4<\/strong>. El tesorero recibir\u00e1 y tomar\u00e1 la custodia de los fondos de la Secci\u00f3n, y presentar\u00e1 un informe anual de la tesorer\u00eda, as\u00ed como otros informes financieros. Dicho informe ser\u00e1 realizado conforme a lo solicitado por el tesorero de la SIAM. El informe anual del tesorero se realizar\u00e1 a 31 de diciembre y se enviar\u00e1 al tesorero de la SIAM no m\u00e1s tarde del 15 de enero del a\u00f1o siguiente.<\/p><p><strong>Secci\u00f3n 5.<\/strong> Los consejeros deber\u00e1n colaborar con los directivos en todas las actividades de la Secci\u00f3n.<\/p><p><strong>Secci\u00f3n 6.<\/strong> Los directivos tendr\u00e1n un mandato de dos a\u00f1os. Se permite la reelecci\u00f3n por per\u00edodos adicionales. El primer grupo de directivos ser\u00e1 nombrado por el presidente dela SIAM para completar su mandato el 31 de diciembre de 2013. Posteriormente todos los directivos ser\u00e1n elegidos para un mandato de dos a\u00f1os, comenzando el 1 de enero de 2014.<\/p><p><span style=\"color: var(--heading); font-family: var(--secondary-font); font-size: 1.7411em; font-weight: bold; text-align: var(--text-align); letter-spacing: var(--letter-spacing);\">Art\u00edculo VI: Comit\u00e9 ejecutivo<\/span><\/p><p><strong>Secci\u00f3n 1.<\/strong> La Secci\u00f3n estar\u00e1 dirigida por un comit\u00e9 ejecutivo integrado por los directivos en servicio y el presidente m\u00e1s recientemente retirado. El comit\u00e9 ejecutivo tendr\u00e1 la responsabilidad de la gesti\u00f3n de la Secci\u00f3n y la toma de decisiones. El presidente del comit\u00e9 ejecutivo ser\u00e1 el presidente de la Secci\u00f3n.<\/p><p><strong>Secci\u00f3n 2.<\/strong> En caso de vacante, el comit\u00e9 ejecutivo decidir\u00e1 c\u00f3mo se cubre dicha vacante para el resto del mandato.<\/p><p><span style=\"color: var(--heading); font-family: var(--secondary-font); font-size: 1.7411em; font-weight: bold; letter-spacing: var(--letter-spacing); text-align: var(--text-align);\">Art\u00edculo VII: Otros comit\u00e9s<\/span><\/p><p><strong>Secci\u00f3n 1.<\/strong> El comit\u00e9 ejecutivo podr\u00e1 crear comit\u00e9s permanentes o comit\u00e9s ad hoc para prop\u00f3sitos espec\u00edficos.<\/p><p><span style=\"color: var(--heading); font-family: var(--secondary-font); font-size: 1.7411em; font-weight: bold; letter-spacing: var(--letter-spacing); text-align: var(--text-align);\">Art\u00edculo VIII: Reuniones<\/span><\/p><p><strong>Secci\u00f3n 1.<\/strong> La Secci\u00f3n llevar\u00e1 a cabo al menos una reuni\u00f3n t\u00e9cnica por a\u00f1o.<\/p><p><span style=\"color: var(--heading); font-family: var(--secondary-font); font-size: 1.7411em; font-weight: bold; letter-spacing: var(--letter-spacing); text-align: var(--text-align);\">Art\u00edculo IX: Elecciones<\/span><\/p><p><strong>Secci\u00f3n 1.<\/strong> Las elecciones de los directivos de la Secci\u00f3n se efectuar\u00e1n por votaci\u00f3n v\u00eda correo electr\u00f3nico, o por votaci\u00f3n secreta en la reuni\u00f3n anual de la Secci\u00f3n. Los ganadores de la elecci\u00f3n se determinar\u00e1n por la pluralidad de los votos emitidos a favor de cada vacante. Los votos por correo electr\u00f3nico deben enviarse a la Secci\u00f3n entre 120 y 60 d\u00edas antes de la fecha en que terminan los mandatos.<\/p><p><strong>Secci\u00f3n 2.<\/strong> El presidente, con la aprobaci\u00f3n del comit\u00e9 ejecutivo, nombrar\u00e1 un comit\u00e9 electoral. Los candidatos deben ser elegibles seg\u00fan lo indicado en el Art\u00edculo VI.<\/p><p><strong>Secci\u00f3n 3.<\/strong> La votaci\u00f3n se llevar\u00e1 a cabo a trav\u00e9s de e-mail o de la p\u00e1gina web de la Secci\u00f3n. Todos los votantes elegibles ser\u00e1n solicitados para votar.<\/p><p><span style=\"color: var(--heading); font-family: var(--secondary-font); font-size: 1.7411em; font-weight: bold; letter-spacing: var(--letter-spacing); text-align: var(--text-align);\">Art\u00edculo X: Reuni\u00f3n financiera anual<\/span><\/p><p><strong>Secci\u00f3n 1.<\/strong> La Secci\u00f3n llevar\u00e1 a cabo una reuni\u00f3n financiera, al menos una vez al a\u00f1o. Previa notificaci\u00f3n, y con cuatro semanas de antelaci\u00f3n, el presidente o el tesorero podr\u00e1n convocar otras reuniones financieras.<\/p><p><span style=\"color: var(--heading); font-family: var(--secondary-font); font-size: 1.7411em; font-weight: bold; text-align: var(--text-align); letter-spacing: var(--letter-spacing);\">Art\u00edculo XI: Fondos<\/span><\/p><p><strong>Secci\u00f3n 1.<\/strong> La Secci\u00f3n no tiene la intenci\u00f3n de imponer ning\u00fan tipo de cuota regular, pero puede solicitar financiaci\u00f3n a la SIAM. Igualmente, para algunas reuniones y\/o actividades espec\u00edficas, podr\u00e1 solicitar alguna tasa de participaci\u00f3n monetaria.<\/p><p><strong>Secci\u00f3n 2.<\/strong> Aunque el pago de las posibles cuotas de la SIAM no ser\u00e1 un criterio para ser miembro de la Secci\u00f3n, se limita el privilegio de votar en las elecciones a los miembros de la Secci\u00f3n que tambi\u00e9n son miembros de SIAM y que han pagado las cuotas correspondientes.<\/p><p><strong>Secci\u00f3n 3.<\/strong> La Secci\u00f3n depositar\u00e1 todos los fondos no utilizados de los cuales tiene el t\u00edtulo legal de m\u00e1s de US$ 200 en una cuenta de ahorros asegurada, a menos que los compromisos de funcionamiento sean superiores a esa cantidad o que el tesorero de la Secci\u00f3n obtenga una autorizaci\u00f3n por escrito del tesorero de laSIAM.<\/p><p><strong>Secci\u00f3n 4.<\/strong> El tesorero de la Secci\u00f3n deber\u00e1 mantener los libros de contabilidad que muestren los ingresos y gastos detodas las actividades, y los saldos de todas las cuentas de la Secci\u00f3n, as\u00ed como deber\u00e1 redactar, conservar y enviar una copia del informe anual a la sede de la SIAM.<\/p><p><strong>Secci\u00f3n 5.<\/strong> Las solicitudes de fondos en apoyo de las actividades de la Secci\u00f3n se presentar\u00e1n por escrito al tesorero de la SIAM, que la remitir\u00e1 a la correspondiente comisi\u00f3n de la SIAM, para su aprobaci\u00f3n. Los pr\u00e9stamos o subvenciones a la Secci\u00f3n pueden ser realizadas por el tesorero de la SIAM actuando en nombre de la comisi\u00f3n de actividades de la SIAM. Durante un a\u00f1o fiscal, s\u00f3lo puede hacerse uno de esos pr\u00e9stamos o donaciones. Otras solicitudes de fondos deber\u00e1n justificarse mediante un proyecto de presupuesto para gastos y una declaraci\u00f3n actual de los ingresos y los gastos acumulados.<\/p><p><strong>Secci\u00f3n 6.<\/strong> Ning\u00fan directivo o miembro de la Secci\u00f3n podr\u00e1 solicitar una subvenci\u00f3n para apoyar actividades de la Secci\u00f3n o celebrar cualquier contrato para apoyar este tipo de actividades o prestaci\u00f3n de servicios. Tampoco tienen autoridad para contraer deudas, excepto en la medida en que existan fondos en la Secci\u00f3n.<\/p><p><span style=\"color: var(--heading); font-family: var(--secondary-font); font-size: 1.7411em; font-weight: bold; text-align: var(--text-align); letter-spacing: var(--letter-spacing);\">Art\u00edculo XII: Enmiendas<\/span><\/p><p><strong>Secci\u00f3n 1.<\/strong> Estas reglas podr\u00e1n ser modificadas con la aprobaci\u00f3n de la junta de la SIAM. El env\u00edo a la junta de las modificaciones propuestas se har\u00e1 s\u00f3lo despu\u00e9s de la aprobaci\u00f3n por mayor\u00eda de votos de los miembros de la Secci\u00f3n presentes (o representados) en una reuni\u00f3n programada.<\/p><p><span style=\"color: var(--heading); font-family: var(--secondary-font); font-size: 1.7411em; font-weight: bold; letter-spacing: var(--letter-spacing); text-align: var(--text-align);\">Art\u00edculo XIII: Anulaci\u00f3n de la Secci\u00f3n<\/span><\/p><p><strong>Secci\u00f3n 1.<\/strong> La Secci\u00f3n puede darse de baja por el voto un\u00e1nime de los miembros de la Secci\u00f3n presentes (o representados) en una reuni\u00f3n programada. Para ello es necesario que el aviso de la propuesta de anulaci\u00f3n y la reuni\u00f3n en la que se considere el tema sea anunciada a todos los miembros, por lo menos con 30 d\u00edas de antelaci\u00f3n, y a la junta de la SIAM, por lo menos con 90 d\u00edas de antelaci\u00f3n.<\/p><p><strong>Secci\u00f3n 2.<\/strong> La Secci\u00f3n puede ser anulada por la junta de la SIAM si no ha habido ninguna actividad de la Secci\u00f3n en un a\u00f1o.<\/p><p><strong>Secci\u00f3n 3.<\/strong> En el caso de que la Secci\u00f3n se anule, los fondos a los que tiene el t\u00edtulo legal se a\u00f1adir\u00e1n a la cuenta de la SIAM.<\/p>\t\t\t\t\t\t\t\t<\/div>\n\t\t\t\t<\/div>\n\t\t\t\t\t<\/div>\n\t\t\t\t<\/div>\n\t\t\t\t<\/div>\n\t\t","protected":false},"excerpt":{"rendered":"<p>Estatutos Reglamento de la secci\u00f3n colombiana de SIAM Esta secci\u00f3n de reglas de procedimiento (enadelante denominadas \u00abReglas\u00bb) se aplica a la secci\u00f3n de la SIAM denominada secci\u00f3n colombiana de la SIAM (COSIAM). La secci\u00f3n a la que se aplican las presentes normas se forma bajo la supervisi\u00f3n de la SIAM, y deber\u00e1 operar dentro de [&hellip;]<\/p>\n","protected":false},"author":1,"featured_media":0,"parent":29,"menu_order":0,"comment_status":"closed","ping_status":"closed","template":"elementor_header_footer","meta":{"give_campaign_id":0,"footnotes":""},"class_list":["post-4063","page","type-page","status-publish","hentry"],"campaignId":"","_links":{"self":[{"href":"https:\/\/cosiam.net\/index.php\/wp-json\/wp\/v2\/pages\/4063","targetHints":{"allow":["GET"]}}],"collection":[{"href":"https:\/\/cosiam.net\/index.php\/wp-json\/wp\/v2\/pages"}],"about":[{"href":"https:\/\/cosiam.net\/index.php\/wp-json\/wp\/v2\/types\/page"}],"author":[{"embeddable":true,"href":"https:\/\/cosiam.net\/index.php\/wp-json\/wp\/v2\/users\/1"}],"replies":[{"embeddable":true,"href":"https:\/\/cosiam.net\/index.php\/wp-json\/wp\/v2\/comments?post=4063"}],"version-history":[{"count":20,"href":"https:\/\/cosiam.net\/index.php\/wp-json\/wp\/v2\/pages\/4063\/revisions"}],"predecessor-version":[{"id":4919,"href":"https:\/\/cosiam.net\/index.php\/wp-json\/wp\/v2\/pages\/4063\/revisions\/4919"}],"up":[{"embeddable":true,"href":"https:\/\/cosiam.net\/index.php\/wp-json\/wp\/v2\/pages\/29"}],"wp:attachment":[{"href":"https:\/\/cosiam.net\/index.php\/wp-json\/wp\/v2\/media?parent=4063"}],"curies":[{"name":"wp","href":"https:\/\/api.w.org\/{rel}","templated":true}]}}