{"id":4076,"date":"2023-09-21T23:08:02","date_gmt":"2023-09-21T21:08:02","guid":{"rendered":"https:\/\/cosiam.net\/?page_id=4076"},"modified":"2023-09-26T17:54:35","modified_gmt":"2023-09-26T15:54:35","slug":"comunidad","status":"publish","type":"page","link":"https:\/\/cosiam.net\/index.php\/comunidad\/","title":{"rendered":"Comunidad"},"content":{"rendered":"\t\t<div data-elementor-type=\"wp-page\" data-elementor-id=\"4076\" class=\"elementor elementor-4076\">\n\t\t\t\t\t\t<section class=\"elementor-section elementor-top-section elementor-element elementor-element-424ed679 elementor-section-boxed elementor-section-height-default elementor-section-height-default\" data-id=\"424ed679\" data-element_type=\"section\" data-e-type=\"section\" data-settings=\"{&quot;background_background&quot;:&quot;classic&quot;}\">\n\t\t\t\t\t\t\t<div class=\"elementor-background-overlay\"><\/div>\n\t\t\t\t\t\t\t<div class=\"elementor-container elementor-column-gap-no\">\n\t\t\t\t\t<div class=\"elementor-column elementor-col-100 elementor-top-column elementor-element elementor-element-f0f3090\" data-id=\"f0f3090\" data-element_type=\"column\" data-e-type=\"column\">\n\t\t\t<div class=\"elementor-widget-wrap elementor-element-populated\">\n\t\t\t\t\t\t<div class=\"elementor-element elementor-element-1047889f animated-slow elementor-widget__width-initial elementor-invisible elementor-widget elementor-widget-heading\" data-id=\"1047889f\" data-element_type=\"widget\" data-e-type=\"widget\" data-settings=\"{&quot;_animation&quot;:&quot;ova-move-left&quot;,&quot;_animation_tablet&quot;:&quot;none&quot;,&quot;_animation_delay&quot;:100}\" data-widget_type=\"heading.default\">\n\t\t\t\t<div class=\"elementor-widget-container\">\n\t\t\t\t\t<h2 class=\"elementor-heading-title elementor-size-default\">Comunidad<\/h2>\t\t\t\t<\/div>\n\t\t\t\t<\/div>\n\t\t\t\t\t<\/div>\n\t\t<\/div>\n\t\t\t\t\t<\/div>\n\t\t<\/section>\n\t\t<div class=\"elementor-element elementor-element-f94bcbc e-flex e-con-boxed e-con e-parent\" data-id=\"f94bcbc\" data-element_type=\"container\" data-e-type=\"container\">\n\t\t\t\t\t<div class=\"e-con-inner\">\n\t\t\t\t<div class=\"elementor-element elementor-element-6956207 elementor-widget elementor-widget-text-editor\" data-id=\"6956207\" data-element_type=\"widget\" data-e-type=\"widget\" data-widget_type=\"text-editor.default\">\n\t\t\t\t<div class=\"elementor-widget-container\">\n\t\t\t\t\t\t\t\t\t<p>Como parte de las estrategias para disminuir la segregaci\u00f3n, articular el pa\u00eds alrededor de la matem\u00e1tica aplicada y fomentar el desarrollo descentralizado se ha realizado la ordenaci\u00f3n de nodos, cap\u00edtulos y redes de investigaci\u00f3n.<\/p><p>Los nodos son gerencias regionales coordinadas por l\u00edderes de la matem\u00e1tica aplicada industrial que viven en estos territorios, conocen las necesidades de la comunidad acad\u00e9mica, de la industria y de la poblaci\u00f3n en general y que, por lo tanto, nos permiten ser pertinentes, asertivos y oportunos.<\/p><p>Los cap\u00edtulos los cap\u00edtulos estudiantiles son espacios en los que estudiantes y profesores encuentran invaluables oportunidades para desarrollar redes fuera del aula, compartir ideas de investigaci\u00f3n y consultor\u00eda, discutir opciones de desarrollo profesional y adquirir habilidades de liderazgo, a trav\u00e9s de actividades como la discusi\u00f3n durante la hora del almuerzo, la invitaci\u00f3n de oradores expertos, los eventos sociales y visitas a laboratorios industriales o reuniones de secciones de SIAM.<\/p><p>Las redes de investigaci\u00f3n son colectivos de personas interesadas en temas espec\u00edficos de la matem\u00e1tica o en problemas particulares de los territorios, que llegan a acuerdos comunes de inteligencia colectiva para satisfacer sus objetivos de investigaci\u00f3n, de la mano de la implementaci\u00f3n y de la formaci\u00f3n de personas.<\/p>\t\t\t\t\t\t\t\t<\/div>\n\t\t\t\t<\/div>\n\t\t\t\t\t<\/div>\n\t\t\t\t<\/div>\n\t\t<div class=\"elementor-element elementor-element-dfd60f6 e-flex e-con-boxed e-con e-parent\" data-id=\"dfd60f6\" data-element_type=\"container\" data-e-type=\"container\">\n\t\t\t\t\t<div class=\"e-con-inner\">\n\t\t<div class=\"elementor-element elementor-element-9f842e3 e-con-full e-flex e-con e-child\" data-id=\"9f842e3\" data-element_type=\"container\" data-e-type=\"container\">\n\t\t<div class=\"elementor-element elementor-element-bdaead4 e-con-full e-flex e-con e-child\" data-id=\"bdaead4\" data-element_type=\"container\" data-e-type=\"container\">\n\t\t\t\t<div class=\"elementor-element elementor-element-7f2b75d elementor-position-top elementor-widget elementor-widget-image-box\" data-id=\"7f2b75d\" data-element_type=\"widget\" data-e-type=\"widget\" data-widget_type=\"image-box.default\">\n\t\t\t\t<div class=\"elementor-widget-container\">\n\t\t\t\t\t<div class=\"elementor-image-box-wrapper\"><figure class=\"elementor-image-box-img\"><a href=\"https:\/\/cosiam.net\/index.php\/comunidad\/nodos\/\" tabindex=\"-1\"><img fetchpriority=\"high\" decoding=\"async\" width=\"600\" height=\"600\" src=\"https:\/\/cosiam.net\/wp-content\/uploads\/2023\/09\/minisNodos.jpg\" class=\"elementor-animation-float attachment-full size-full wp-image-4865\" alt=\"\" srcset=\"https:\/\/cosiam.net\/wp-content\/uploads\/2023\/09\/minisNodos.jpg 600w, https:\/\/cosiam.net\/wp-content\/uploads\/2023\/09\/minisNodos-300x300.jpg 300w, https:\/\/cosiam.net\/wp-content\/uploads\/2023\/09\/minisNodos-150x150.jpg 150w\" sizes=\"(max-width: 600px) 100vw, 600px\" \/><\/a><\/figure><div class=\"elementor-image-box-content\"><h4 class=\"elementor-image-box-title\"><a href=\"https:\/\/cosiam.net\/index.php\/comunidad\/nodos\/\">Nodos<\/a><\/h4><\/div><\/div>\t\t\t\t<\/div>\n\t\t\t\t<\/div>\n\t\t\t\t<\/div>\n\t\t<div class=\"elementor-element elementor-element-2ca99e3 e-con-full e-flex e-con e-child\" data-id=\"2ca99e3\" data-element_type=\"container\" data-e-type=\"container\">\n\t\t\t\t<div class=\"elementor-element elementor-element-c2d47a4 elementor-position-top elementor-widget elementor-widget-image-box\" data-id=\"c2d47a4\" data-element_type=\"widget\" data-e-type=\"widget\" data-widget_type=\"image-box.default\">\n\t\t\t\t<div class=\"elementor-widget-container\">\n\t\t\t\t\t<div class=\"elementor-image-box-wrapper\"><figure class=\"elementor-image-box-img\"><a href=\"https:\/\/cosiam.net\/index.php\/comunidad\/capitulos\/\" tabindex=\"-1\"><img decoding=\"async\" width=\"600\" height=\"600\" src=\"https:\/\/cosiam.net\/wp-content\/uploads\/2023\/09\/minisCapitulos.jpg\" class=\"elementor-animation-float attachment-full size-full wp-image-4867\" alt=\"\" srcset=\"https:\/\/cosiam.net\/wp-content\/uploads\/2023\/09\/minisCapitulos.jpg 600w, https:\/\/cosiam.net\/wp-content\/uploads\/2023\/09\/minisCapitulos-300x300.jpg 300w, https:\/\/cosiam.net\/wp-content\/uploads\/2023\/09\/minisCapitulos-150x150.jpg 150w\" sizes=\"(max-width: 600px) 100vw, 600px\" \/><\/a><\/figure><div class=\"elementor-image-box-content\"><h4 class=\"elementor-image-box-title\"><a href=\"https:\/\/cosiam.net\/index.php\/comunidad\/capitulos\/\">Cap\u00edtulos<\/a><\/h4><\/div><\/div>\t\t\t\t<\/div>\n\t\t\t\t<\/div>\n\t\t\t\t<\/div>\n\t\t<div class=\"elementor-element elementor-element-adf8dd9 e-con-full e-flex e-con e-child\" data-id=\"adf8dd9\" data-element_type=\"container\" data-e-type=\"container\">\n\t\t\t\t<div class=\"elementor-element elementor-element-b5563fd elementor-position-top elementor-widget elementor-widget-image-box\" data-id=\"b5563fd\" data-element_type=\"widget\" data-e-type=\"widget\" data-widget_type=\"image-box.default\">\n\t\t\t\t<div class=\"elementor-widget-container\">\n\t\t\t\t\t<div class=\"elementor-image-box-wrapper\"><figure class=\"elementor-image-box-img\"><a href=\"https:\/\/cosiam.net\/index.php\/comunidad\/redes-de-investigacion\/\" tabindex=\"-1\"><img decoding=\"async\" width=\"600\" height=\"600\" src=\"https:\/\/cosiam.net\/wp-content\/uploads\/2023\/09\/minisRedes.jpg\" class=\"elementor-animation-float attachment-full size-full wp-image-4866\" alt=\"\" srcset=\"https:\/\/cosiam.net\/wp-content\/uploads\/2023\/09\/minisRedes.jpg 600w, https:\/\/cosiam.net\/wp-content\/uploads\/2023\/09\/minisRedes-300x300.jpg 300w, https:\/\/cosiam.net\/wp-content\/uploads\/2023\/09\/minisRedes-150x150.jpg 150w\" sizes=\"(max-width: 600px) 100vw, 600px\" \/><\/a><\/figure><div class=\"elementor-image-box-content\"><h4 class=\"elementor-image-box-title\"><a href=\"https:\/\/cosiam.net\/index.php\/comunidad\/redes-de-investigacion\/\">Redes de investigaci\u00f3n<\/a><\/h4><\/div><\/div>\t\t\t\t<\/div>\n\t\t\t\t<\/div>\n\t\t\t\t<\/div>\n\t\t\t\t<\/div>\n\t\t\t\t\t<\/div>\n\t\t\t\t<\/div>\n\t\t\t\t<\/div>\n\t\t","protected":false},"excerpt":{"rendered":"<p>Comunidad Como parte de las estrategias para disminuir la segregaci\u00f3n, articular el pa\u00eds alrededor de la matem\u00e1tica aplicada y fomentar el desarrollo descentralizado se ha realizado la ordenaci\u00f3n de nodos, cap\u00edtulos y redes de investigaci\u00f3n. Los nodos son gerencias regionales coordinadas por l\u00edderes de la matem\u00e1tica aplicada industrial que viven en estos territorios, conocen las [&hellip;]<\/p>\n","protected":false},"author":1,"featured_media":0,"parent":0,"menu_order":0,"comment_status":"closed","ping_status":"closed","template":"elementor_header_footer","meta":{"give_campaign_id":0,"footnotes":""},"class_list":["post-4076","page","type-page","status-publish","hentry"],"campaignId":"","_links":{"self":[{"href":"https:\/\/cosiam.net\/index.php\/wp-json\/wp\/v2\/pages\/4076","targetHints":{"allow":["GET"]}}],"collection":[{"href":"https:\/\/cosiam.net\/index.php\/wp-json\/wp\/v2\/pages"}],"about":[{"href":"https:\/\/cosiam.net\/index.php\/wp-json\/wp\/v2\/types\/page"}],"author":[{"embeddable":true,"href":"https:\/\/cosiam.net\/index.php\/wp-json\/wp\/v2\/users\/1"}],"replies":[{"embeddable":true,"href":"https:\/\/cosiam.net\/index.php\/wp-json\/wp\/v2\/comments?post=4076"}],"version-history":[{"count":22,"href":"https:\/\/cosiam.net\/index.php\/wp-json\/wp\/v2\/pages\/4076\/revisions"}],"predecessor-version":[{"id":4925,"href":"https:\/\/cosiam.net\/index.php\/wp-json\/wp\/v2\/pages\/4076\/revisions\/4925"}],"wp:attachment":[{"href":"https:\/\/cosiam.net\/index.php\/wp-json\/wp\/v2\/media?parent=4076"}],"curies":[{"name":"wp","href":"https:\/\/api.w.org\/{rel}","templated":true}]}}