{"id":4402,"date":"2023-09-22T22:57:59","date_gmt":"2023-09-22T20:57:59","guid":{"rendered":"https:\/\/cosiam.net\/?page_id=4402"},"modified":"2023-09-22T23:16:17","modified_gmt":"2023-09-22T21:16:17","slug":"escuela-de-matematica-aplicada-e-industrial-2020","status":"publish","type":"page","link":"https:\/\/cosiam.net\/index.php\/eventos\/escuela-de-matematica-aplicada-e-industrial-2022\/escuela-de-matematica-aplicada-e-industrial-2020\/","title":{"rendered":"Escuela de Matem\u00e1tica Aplicada e Industrial 2020"},"content":{"rendered":"\t\t<div data-elementor-type=\"wp-page\" data-elementor-id=\"4402\" class=\"elementor elementor-4402\">\n\t\t\t\t\t\t<section class=\"elementor-section elementor-top-section elementor-element elementor-element-640f4d51 elementor-section-boxed elementor-section-height-default elementor-section-height-default\" data-id=\"640f4d51\" data-element_type=\"section\" data-e-type=\"section\" data-settings=\"{&quot;background_background&quot;:&quot;classic&quot;}\">\n\t\t\t\t\t\t\t<div class=\"elementor-background-overlay\"><\/div>\n\t\t\t\t\t\t\t<div class=\"elementor-container elementor-column-gap-default\">\n\t\t\t\t\t<div class=\"elementor-column elementor-col-50 elementor-top-column elementor-element elementor-element-3aab9e5 elementor-hidden-tablet elementor-hidden-mobile\" data-id=\"3aab9e5\" data-element_type=\"column\" data-e-type=\"column\">\n\t\t\t<div class=\"elementor-widget-wrap elementor-element-populated\">\n\t\t\t\t\t\t<div class=\"elementor-element elementor-element-6b059d38 elementor-widget elementor-widget-image\" data-id=\"6b059d38\" data-element_type=\"widget\" data-e-type=\"widget\" data-widget_type=\"image.default\">\n\t\t\t\t<div class=\"elementor-widget-container\">\n\t\t\t\t\t\t\t\t\t\t\t\t\t\t\t<img fetchpriority=\"high\" decoding=\"async\" width=\"235\" height=\"226\" src=\"https:\/\/cosiam.net\/wp-content\/uploads\/2023\/09\/logoseventosEMAI20.png\" class=\"attachment-large size-large wp-image-4244\" alt=\"\" \/>\t\t\t\t\t\t\t\t\t\t\t\t\t\t\t<\/div>\n\t\t\t\t<\/div>\n\t\t\t\t\t<\/div>\n\t\t<\/div>\n\t\t\t\t<div class=\"elementor-column elementor-col-50 elementor-top-column elementor-element elementor-element-4c69e06b\" data-id=\"4c69e06b\" data-element_type=\"column\" data-e-type=\"column\">\n\t\t\t<div class=\"elementor-widget-wrap elementor-element-populated\">\n\t\t\t\t\t\t<div class=\"elementor-element elementor-element-5c8566bf elementor-widget__width-auto animated-slow elementor-invisible elementor-widget elementor-widget-heading\" data-id=\"5c8566bf\" data-element_type=\"widget\" data-e-type=\"widget\" data-settings=\"{&quot;_animation&quot;:&quot;fadeInLeft&quot;,&quot;_animation_tablet&quot;:&quot;none&quot;}\" data-widget_type=\"heading.default\">\n\t\t\t\t<div class=\"elementor-widget-container\">\n\t\t\t\t\t<h2 class=\"elementor-heading-title elementor-size-default\">Escuela de Matem\u00e1tica Aplicada e Industrial\n<\/h2>\t\t\t\t<\/div>\n\t\t\t\t<\/div>\n\t\t\t\t<div class=\"elementor-element elementor-element-5e2dc527 animated-slow elementor-invisible elementor-widget elementor-widget-podover_elementor_heading\" data-id=\"5e2dc527\" data-element_type=\"widget\" data-e-type=\"widget\" data-settings=\"{&quot;_animation&quot;:&quot;ova-move-up&quot;,&quot;_animation_tablet&quot;:&quot;none&quot;,&quot;_animation_delay&quot;:100}\" data-widget_type=\"podover_elementor_heading.default\">\n\t\t\t\t<div class=\"elementor-widget-container\">\n\t\t\t\t\t\t\t<div class=\"ova-title\">\n\n\t\t\t\n\t\t\t\t\t\t\t\t\t\t\t\t\t<h2 class=\"title\">\n\t\t\t\t\t\t\t2020\t\t\t\t\t\t<\/h2>\n\n\t\t\t\t\t\t\t\n\t\t\t\t\t\t\t<p class=\"description\"> 3 cursillos \/\nMachine Learning \/\nComplex Networks \/\nSystem Dynamics <\/p>\n\t\t\t\n\t\t<\/div> \n\t\t\t\t\t\t<\/div>\n\t\t\t\t<\/div>\n\t\t\t\t\t<\/div>\n\t\t<\/div>\n\t\t\t\t\t<\/div>\n\t\t<\/section>\n\t\t<div class=\"elementor-element elementor-element-2825bf9 e-flex e-con-boxed e-con e-parent\" data-id=\"2825bf9\" data-element_type=\"container\" data-e-type=\"container\">\n\t\t\t\t\t<div class=\"e-con-inner\">\n\t\t\t\t<div class=\"elementor-element elementor-element-2b90d4f3 elementor-widget elementor-widget-podover_elementor_heading\" data-id=\"2b90d4f3\" data-element_type=\"widget\" data-e-type=\"widget\" data-widget_type=\"podover_elementor_heading.default\">\n\t\t\t\t<div class=\"elementor-widget-container\">\n\t\t\t\t\t\t\t<div class=\"ova-title\">\n\n\t\t\t\n\t\t\t\t\t\t\t\t\t\t\t\t\t<h2 class=\"title\">\n\t\t\t\t\t\t\tConoce un poco sobre los temas que se ofrecer\u00e1n en cada curso y profesores invitados\t\t\t\t\t\t<\/h2>\n\n\t\t\t\t\t\t\t\n\t\t\t\n\t\t<\/div> \n\t\t\t\t\t\t<\/div>\n\t\t\t\t<\/div>\n\t\t<div class=\"elementor-element elementor-element-26207ada e-con-full e-flex e-con e-child\" data-id=\"26207ada\" data-element_type=\"container\" data-e-type=\"container\">\n\t\t<div class=\"elementor-element elementor-element-6ede33b3 e-con-full e-flex e-con e-child\" data-id=\"6ede33b3\" data-element_type=\"container\" data-e-type=\"container\">\n\t\t\t\t<div class=\"elementor-element elementor-element-2339be0f elementor-position-top elementor-widget elementor-widget-image-box\" data-id=\"2339be0f\" data-element_type=\"widget\" data-e-type=\"widget\" data-widget_type=\"image-box.default\">\n\t\t\t\t<div class=\"elementor-widget-container\">\n\t\t\t\t\t<div class=\"elementor-image-box-wrapper\"><figure class=\"elementor-image-box-img\"><img decoding=\"async\" width=\"600\" height=\"600\" src=\"https:\/\/cosiam.net\/wp-content\/uploads\/2023\/09\/minisArles.jpg\" class=\"elementor-animation-float attachment-full size-full wp-image-4119\" alt=\"\" srcset=\"https:\/\/cosiam.net\/wp-content\/uploads\/2023\/09\/minisArles.jpg 600w, https:\/\/cosiam.net\/wp-content\/uploads\/2023\/09\/minisArles-300x300.jpg 300w, https:\/\/cosiam.net\/wp-content\/uploads\/2023\/09\/minisArles-150x150.jpg 150w\" sizes=\"(max-width: 600px) 100vw, 600px\" \/><\/figure><div class=\"elementor-image-box-content\"><h4 class=\"elementor-image-box-title\">Arles Rodr\u00edguez Portela Ph.D.<\/h4><\/div><\/div>\t\t\t\t<\/div>\n\t\t\t\t<\/div>\n\t\t\t\t<\/div>\n\t\t<div class=\"elementor-element elementor-element-614e7ab3 e-con-full e-flex e-con e-child\" data-id=\"614e7ab3\" data-element_type=\"container\" data-e-type=\"container\">\n\t\t\t\t<div class=\"elementor-element elementor-element-503356ec elementor-position-top elementor-widget elementor-widget-image-box\" data-id=\"503356ec\" data-element_type=\"widget\" data-e-type=\"widget\" data-widget_type=\"image-box.default\">\n\t\t\t\t<div class=\"elementor-widget-container\">\n\t\t\t\t\t<div class=\"elementor-image-box-wrapper\"><figure class=\"elementor-image-box-img\"><img decoding=\"async\" width=\"600\" height=\"600\" src=\"https:\/\/cosiam.net\/wp-content\/uploads\/2023\/09\/minisRafaelrenteria.jpg\" class=\"elementor-animation-float attachment-full size-full wp-image-4109\" alt=\"\" srcset=\"https:\/\/cosiam.net\/wp-content\/uploads\/2023\/09\/minisRafaelrenteria.jpg 600w, https:\/\/cosiam.net\/wp-content\/uploads\/2023\/09\/minisRafaelrenteria-300x300.jpg 300w, https:\/\/cosiam.net\/wp-content\/uploads\/2023\/09\/minisRafaelrenteria-150x150.jpg 150w\" sizes=\"(max-width: 600px) 100vw, 600px\" \/><\/figure><div class=\"elementor-image-box-content\"><h4 class=\"elementor-image-box-title\">Rafael Renter\u00eda Ramos Ph.D.<\/h4><\/div><\/div>\t\t\t\t<\/div>\n\t\t\t\t<\/div>\n\t\t\t\t<\/div>\n\t\t<div class=\"elementor-element elementor-element-5267e2be e-con-full e-flex e-con e-child\" data-id=\"5267e2be\" data-element_type=\"container\" data-e-type=\"container\">\n\t\t\t\t<div class=\"elementor-element elementor-element-38b31b65 elementor-position-top elementor-widget elementor-widget-image-box\" data-id=\"38b31b65\" data-element_type=\"widget\" data-e-type=\"widget\" data-widget_type=\"image-box.default\">\n\t\t\t\t<div class=\"elementor-widget-container\">\n\t\t\t\t\t<div class=\"elementor-image-box-wrapper\"><figure class=\"elementor-image-box-img\"><a href=\"http:\/\/Arles%20Rodr\u00edguez%20Portela%20Ph.D.\" target=\"_blank\" tabindex=\"-1\"><img loading=\"lazy\" decoding=\"async\" width=\"600\" height=\"600\" src=\"https:\/\/cosiam.net\/wp-content\/uploads\/2023\/09\/minisJohan-2.jpg\" class=\"elementor-animation-float attachment-full size-full wp-image-4152\" alt=\"\" srcset=\"https:\/\/cosiam.net\/wp-content\/uploads\/2023\/09\/minisJohan-2.jpg 600w, https:\/\/cosiam.net\/wp-content\/uploads\/2023\/09\/minisJohan-2-300x300.jpg 300w, https:\/\/cosiam.net\/wp-content\/uploads\/2023\/09\/minisJohan-2-150x150.jpg 150w\" sizes=\"(max-width: 600px) 100vw, 600px\" \/><\/a><\/figure><div class=\"elementor-image-box-content\"><h4 class=\"elementor-image-box-title\"><a href=\"http:\/\/Arles%20Rodr\u00edguez%20Portela%20Ph.D.\" target=\"_blank\">Johan Manuel Redondo Ph.D.<\/a><\/h4><\/div><\/div>\t\t\t\t<\/div>\n\t\t\t\t<\/div>\n\t\t\t\t<\/div>\n\t\t\t\t<\/div>\n\t\t\t\t\t<\/div>\n\t\t\t\t<\/div>\n\t\t\t\t<section class=\"elementor-section elementor-top-section elementor-element elementor-element-7443d4bb elementor-section-boxed elementor-section-height-default elementor-section-height-default\" data-id=\"7443d4bb\" data-element_type=\"section\" data-e-type=\"section\" data-settings=\"{&quot;background_background&quot;:&quot;classic&quot;}\">\n\t\t\t\t\t\t<div class=\"elementor-container elementor-column-gap-default\">\n\t\t\t\t\t<div class=\"elementor-column elementor-col-50 elementor-top-column elementor-element elementor-element-71fae285\" data-id=\"71fae285\" data-element_type=\"column\" data-e-type=\"column\">\n\t\t\t<div class=\"elementor-widget-wrap elementor-element-populated\">\n\t\t\t\t\t\t<div class=\"elementor-element elementor-element-292e43db elementor-widget elementor-widget-podover_elementor_heading\" data-id=\"292e43db\" data-element_type=\"widget\" data-e-type=\"widget\" data-widget_type=\"podover_elementor_heading.default\">\n\t\t\t\t<div class=\"elementor-widget-container\">\n\t\t\t\t\t\t\t<div class=\"ova-title\">\n\n\t\t\t\n\t\t\t\t\t\t\t\t\t\t\t\t\t<h2 class=\"title\">\n\t\t\t\t\t\t\tCursillo:\nMachine Learning\t\t\t\t\t\t<\/h2>\n\n\t\t\t\t\t\t\t\n\t\t\t\n\t\t<\/div> \n\t\t\t\t\t\t<\/div>\n\t\t\t\t<\/div>\n\t\t\t\t<div class=\"elementor-element elementor-element-3523fbe6 elementor-widget elementor-widget-text-editor\" data-id=\"3523fbe6\" data-element_type=\"widget\" data-e-type=\"widget\" data-widget_type=\"text-editor.default\">\n\t\t\t\t<div class=\"elementor-widget-container\">\n\t\t\t\t\t\t\t\t\tArles Rodr\u00edguez Portela Ph.D.\t\t\t\t\t\t\t\t<\/div>\n\t\t\t\t<\/div>\n\t\t\t\t\t<\/div>\n\t\t<\/div>\n\t\t\t\t<div class=\"elementor-column elementor-col-50 elementor-top-column elementor-element elementor-element-4624220f\" data-id=\"4624220f\" data-element_type=\"column\" data-e-type=\"column\">\n\t\t\t<div class=\"elementor-widget-wrap elementor-element-populated\">\n\t\t\t\t\t\t<div class=\"elementor-element elementor-element-4de72fcb elementor-widget elementor-widget-text-editor\" data-id=\"4de72fcb\" data-element_type=\"widget\" data-e-type=\"widget\" data-widget_type=\"text-editor.default\">\n\t\t\t\t<div class=\"elementor-widget-container\">\n\t\t\t\t\t\t\t\t\t<h1>Programa del cursillo<\/h1><p><strong>Introducci\u00f3n al Procesamiento de Imagenes con google cloud<\/strong><\/p><p>En esta parte se utilizar\u00e1 la tecnolog\u00eda de google cloud para interactuar con los API e identificar distintas tareas de procesamiento de imagenes relacionadas con etiquetado de im\u00e1genes, detecci\u00f3n de rostros y lugares y extracci\u00f3n y traducci\u00f3n de texto a partir de im\u00e1genes.<\/p><p><strong>Introducci\u00f3n al Procesamiento del Lenguaje Natural con google cloud<\/strong><\/p><p>En esta parte se utilizar\u00e1 la tecnolog\u00eda de google cloud para identificar y realizar tareas de procesamiento del lenguaje relacionadas con extracci\u00f3n de entidades a partir del texto, an\u00e1lisis de sentimientos y an\u00e1lisis sint\u00e1ctico y el API de transcripci\u00f3n de google (Speech to Text API).<\/p><p><strong>APIS de Google para Machine Learning<\/strong><\/p><p>En esta parte se mostrar\u00e1n los posibles mecanismos de interconexi\u00f3n al API de google para entender un poco m\u00e1s como funcionan las peticiones y el env\u00edo de informaci\u00f3n para realizar peticiones relacionadas con aprendizaje de m\u00e1quina. Adicionalmente se muestra un ejemplo de etiquetado de im\u00e1genes empleando kubernetes.<\/p><h1>Requisitos<\/h1><p>Los requisitos para el curso en t\u00e9rminos de herramientas para los estudiantes son los siguientes:<\/p><ul><li>Acceso a un navegador de internet (Se recomienda Chrome)<\/li><li>Tiempo para completar los laboratorios.<\/li><\/ul>\t\t\t\t\t\t\t\t<\/div>\n\t\t\t\t<\/div>\n\t\t\t\t\t<\/div>\n\t\t<\/div>\n\t\t\t\t\t<\/div>\n\t\t<\/section>\n\t\t\t\t<section class=\"elementor-section elementor-top-section elementor-element elementor-element-7c3cc914 elementor-section-boxed elementor-section-height-default elementor-section-height-default\" data-id=\"7c3cc914\" data-element_type=\"section\" data-e-type=\"section\" data-settings=\"{&quot;background_background&quot;:&quot;classic&quot;}\">\n\t\t\t\t\t\t<div class=\"elementor-container elementor-column-gap-default\">\n\t\t\t\t\t<div class=\"elementor-column elementor-col-50 elementor-top-column elementor-element elementor-element-2b27cf2f\" data-id=\"2b27cf2f\" data-element_type=\"column\" data-e-type=\"column\">\n\t\t\t<div class=\"elementor-widget-wrap elementor-element-populated\">\n\t\t\t\t\t\t<div class=\"elementor-element elementor-element-38e8bd7 elementor-widget elementor-widget-podover_elementor_heading\" data-id=\"38e8bd7\" data-element_type=\"widget\" data-e-type=\"widget\" data-widget_type=\"podover_elementor_heading.default\">\n\t\t\t\t<div class=\"elementor-widget-container\">\n\t\t\t\t\t\t\t<div class=\"ova-title\">\n\n\t\t\t\n\t\t\t\t\t\t\t\t\t\t\t\t\t<h2 class=\"title\">\n\t\t\t\t\t\t\tCursillo:\nComplex Networks\t\t\t\t\t\t<\/h2>\n\n\t\t\t\t\t\t\t\n\t\t\t\n\t\t<\/div> \n\t\t\t\t\t\t<\/div>\n\t\t\t\t<\/div>\n\t\t\t\t<div class=\"elementor-element elementor-element-6b2162ce elementor-widget elementor-widget-text-editor\" data-id=\"6b2162ce\" data-element_type=\"widget\" data-e-type=\"widget\" data-widget_type=\"text-editor.default\">\n\t\t\t\t<div class=\"elementor-widget-container\">\n\t\t\t\t\t\t\t\t\t<p>Rafael Renter\u00eda Ramos Ph.D.<\/p>\t\t\t\t\t\t\t\t<\/div>\n\t\t\t\t<\/div>\n\t\t\t\t\t<\/div>\n\t\t<\/div>\n\t\t\t\t<div class=\"elementor-column elementor-col-50 elementor-top-column elementor-element elementor-element-41ae7289\" data-id=\"41ae7289\" data-element_type=\"column\" data-e-type=\"column\">\n\t\t\t<div class=\"elementor-widget-wrap elementor-element-populated\">\n\t\t\t\t\t\t<div class=\"elementor-element elementor-element-68b7212b elementor-widget elementor-widget-text-editor\" data-id=\"68b7212b\" data-element_type=\"widget\" data-e-type=\"widget\" data-widget_type=\"text-editor.default\">\n\t\t\t\t<div class=\"elementor-widget-container\">\n\t\t\t\t\t\t\t\t\t<h1>Programa del cursillo<\/h1><p><strong>Introducci\u00f3n y fundamentaci\u00f3n de redes complejas<\/strong><\/p><p>Esta sesi\u00f3n se trabajar\u00e1 la conceptualizaci\u00f3n y fundamentaci\u00f3n de aspectos b\u00e1sicos tales como: tipos de redes y representaci\u00f3n, grado de un nodo, caminos en la red, transitividad y reciprocidad, componentes, caminatas al azar, asortatividad.<\/p><p><strong>Medidas de centralidad<\/strong><\/p><p>La idea central de esta sesi\u00f3n es analizar y valorar m\u00e9tricas de centralidad basadas en: distancias y vecindades, basadas en caminos cortos, centralidad de enlaces, \u00edndice de Katz, Page Rank, Hubs y authorities.<\/p><p><strong>Estructura en redes<\/strong><\/p><p>Para esta sesi\u00f3n se realizar\u00e1n el an\u00e1lisis y tipificaci\u00f3n de m\u00e9tricas topol\u00f3gicas de redes que ser\u00e1n de gran utilidad para el estudio de su din\u00e1mica. Por tanto, ser\u00e1n abordados los siguientes componentes: Redes regulares, Redes aleatorias, Redes de Peque\u00f1o Mundo, Redes Libres de Escala, Robustez y Vulnerabilidad de redes.<\/p><p><strong>Simulaci\u00f3n de procesos con redes complejas<\/strong><\/p><p>En este apartado se realizar\u00e1 la simulaci\u00f3n de algunos procesos de toma de decisiones a partir del formalismo de las redes complejas. La idea central es que el estudiante logr\u00e9 construir redes complejas, y desde la interpretaci\u00f3n de sus m\u00e9tricas y su interpretaci\u00f3n se gestion\u00e9 la toma de decisiones.<\/p><h1>Requisitos<\/h1><p>Este curso ser\u00e1 trabajado desde Python, particularmente desde Anaconda a trav\u00e9s del entorno Spyder o Jupyter. En caso de tener alguna dificultad para la instalaci\u00f3n se puede trabajar directamente en el Jupyter Project a trav\u00e9s del enlace: https:\/\/jupyter.org\/try. Las bases de datos de trabajo ser\u00e1n entregadas antes de iniciar cada sesi\u00f3n.<\/p>\t\t\t\t\t\t\t\t<\/div>\n\t\t\t\t<\/div>\n\t\t\t\t\t<\/div>\n\t\t<\/div>\n\t\t\t\t\t<\/div>\n\t\t<\/section>\n\t\t\t\t<section class=\"elementor-section elementor-top-section elementor-element elementor-element-6a111aa9 elementor-section-boxed elementor-section-height-default elementor-section-height-default\" data-id=\"6a111aa9\" data-element_type=\"section\" data-e-type=\"section\" data-settings=\"{&quot;background_background&quot;:&quot;classic&quot;}\">\n\t\t\t\t\t\t<div class=\"elementor-container elementor-column-gap-default\">\n\t\t\t\t\t<div class=\"elementor-column elementor-col-50 elementor-top-column elementor-element elementor-element-68e9dfd\" data-id=\"68e9dfd\" data-element_type=\"column\" data-e-type=\"column\">\n\t\t\t<div class=\"elementor-widget-wrap elementor-element-populated\">\n\t\t\t\t\t\t<div class=\"elementor-element elementor-element-62507e9d elementor-widget elementor-widget-podover_elementor_heading\" data-id=\"62507e9d\" data-element_type=\"widget\" data-e-type=\"widget\" data-widget_type=\"podover_elementor_heading.default\">\n\t\t\t\t<div class=\"elementor-widget-container\">\n\t\t\t\t\t\t\t<div class=\"ova-title\">\n\n\t\t\t\n\t\t\t\t\t\t\t\t\t\t\t\t\t<h2 class=\"title\">\n\t\t\t\t\t\t\tCursillo:\nSystem Dynamics\t\t\t\t\t\t<\/h2>\n\n\t\t\t\t\t\t\t\n\t\t\t\n\t\t<\/div> \n\t\t\t\t\t\t<\/div>\n\t\t\t\t<\/div>\n\t\t\t\t<div class=\"elementor-element elementor-element-435885fb elementor-widget elementor-widget-text-editor\" data-id=\"435885fb\" data-element_type=\"widget\" data-e-type=\"widget\" data-widget_type=\"text-editor.default\">\n\t\t\t\t<div class=\"elementor-widget-container\">\n\t\t\t\t\t\t\t\t\t<p>Johan Manuel Redondo Ph.D.<\/p>\t\t\t\t\t\t\t\t<\/div>\n\t\t\t\t<\/div>\n\t\t\t\t\t<\/div>\n\t\t<\/div>\n\t\t\t\t<div class=\"elementor-column elementor-col-50 elementor-top-column elementor-element elementor-element-22f3d96c\" data-id=\"22f3d96c\" data-element_type=\"column\" data-e-type=\"column\">\n\t\t\t<div class=\"elementor-widget-wrap elementor-element-populated\">\n\t\t\t\t\t\t<div class=\"elementor-element elementor-element-23f273b7 elementor-widget elementor-widget-text-editor\" data-id=\"23f273b7\" data-element_type=\"widget\" data-e-type=\"widget\" data-widget_type=\"text-editor.default\">\n\t\t\t\t<div class=\"elementor-widget-container\">\n\t\t\t\t\t\t\t\t\t<h1>Programa del cursillo<\/h1><p><strong>Aplicaciones de la Din\u00e1mica de Sistemas<\/strong><\/p><p>Durante la primera sesi\u00f3n se presentar\u00e1n aplicaciones reconocidas de la Din\u00e1mica de Sistemas y se discutir\u00e1 sobre lo qu\u00e9 es, sobre lo qu\u00e9 no es, sobre sus posibilidades para la resoluci\u00f3n de problemas en diferentes contextos y sobre su m\u00e9todo de modelamiento.<\/p><p><strong>Realimentaciones elementales<\/strong><\/p><p>Se presentar\u00e1n las realimentaciones positiva y negativa elemental de primer orden. Tambi\u00e9n se har\u00e1 la introducci\u00f3n al uso del simulador online Stella.<\/p><p><strong>Modelos de poblaciones<\/strong><\/p><p>Se desarrollar\u00e1n los modelos de poblaciones exponencial, log\u00edstico y depredador-presa, haciendo las simulaciones en Vensim PLE. La discusi\u00f3n se encontrar\u00e1 en el marco de la Teor\u00eda General de Sistemas.<\/p><p><strong>Recursos para la toma de decisiones<\/strong><\/p><p>Se discutir\u00e1 un problema aplicado, se realizara su modelamiento usando Vensim PLE y se implementar\u00e1 una \u00e1herramienta para la toma de decisiones en Forio Epicenter.<\/p><h1>Requisitos<\/h1><p>Este es un cursillo sin prerrequisitos de modelamiento matem\u00e1tico. Las simulaciones ser\u00e1n realizadas en Stella Online y en Vensim PLE. Para el primero debe tenerse una cuenta que se abre gratuitamente en https:\/\/exchange.iseesystems.com\/login, mientras que el segundo, puede ser descargado gratuitamente en el enlace https:\/\/vensim.com\/free-download\/. Para la implementaci\u00f3n de una herramienta para la toma de decisiones se debe tener una cuenta en Forio Epicenter, la cual se abre gratuitamente en el enlace https:\/\/forio.com\/products\/epicenter\/.<\/p>\t\t\t\t\t\t\t\t<\/div>\n\t\t\t\t<\/div>\n\t\t\t\t\t<\/div>\n\t\t<\/div>\n\t\t\t\t\t<\/div>\n\t\t<\/section>\n\t\t\t\t<\/div>\n\t\t","protected":false},"excerpt":{"rendered":"<p>Escuela de Matem\u00e1tica Aplicada e Industrial 2020 3 cursillos \/ Machine Learning \/ Complex Networks \/ System Dynamics Conoce un poco sobre los temas que se ofrecer\u00e1n en cada curso y profesores invitados Arles Rodr\u00edguez Portela Ph.D. Rafael Renter\u00eda Ramos Ph.D. Johan Manuel Redondo Ph.D. Cursillo: Machine Learning Arles Rodr\u00edguez Portela Ph.D. Programa del cursillo [&hellip;]<\/p>\n","protected":false},"author":1,"featured_media":0,"parent":4321,"menu_order":0,"comment_status":"closed","ping_status":"closed","template":"elementor_header_footer","meta":{"give_campaign_id":0,"footnotes":""},"class_list":["post-4402","page","type-page","status-publish","hentry"],"campaignId":"","_links":{"self":[{"href":"https:\/\/cosiam.net\/index.php\/wp-json\/wp\/v2\/pages\/4402","targetHints":{"allow":["GET"]}}],"collection":[{"href":"https:\/\/cosiam.net\/index.php\/wp-json\/wp\/v2\/pages"}],"about":[{"href":"https:\/\/cosiam.net\/index.php\/wp-json\/wp\/v2\/types\/page"}],"author":[{"embeddable":true,"href":"https:\/\/cosiam.net\/index.php\/wp-json\/wp\/v2\/users\/1"}],"replies":[{"embeddable":true,"href":"https:\/\/cosiam.net\/index.php\/wp-json\/wp\/v2\/comments?post=4402"}],"version-history":[{"count":13,"href":"https:\/\/cosiam.net\/index.php\/wp-json\/wp\/v2\/pages\/4402\/revisions"}],"predecessor-version":[{"id":4421,"href":"https:\/\/cosiam.net\/index.php\/wp-json\/wp\/v2\/pages\/4402\/revisions\/4421"}],"up":[{"embeddable":true,"href":"https:\/\/cosiam.net\/index.php\/wp-json\/wp\/v2\/pages\/4321"}],"wp:attachment":[{"href":"https:\/\/cosiam.net\/index.php\/wp-json\/wp\/v2\/media?parent=4402"}],"curies":[{"name":"wp","href":"https:\/\/api.w.org\/{rel}","templated":true}]}}